[INFO] fetching crate pooly 0.2.1...
[INFO] checking pooly-0.2.1 against master#e6e4f7ed1589e03bc2f6c5931c1a72e7947e8682 for beta-170-4
[INFO] extracting crate pooly 0.2.1 into /workspace/builds/worker-6-tc2/source
[INFO] validating manifest of crates.io crate pooly 0.2.1 on toolchain e6e4f7ed1589e03bc2f6c5931c1a72e7947e8682
[INFO] running `Command { std: CARGO_HOME="/workspace/cargo-home" RUSTUP_HOME="/workspace/rustup-home" "/workspace/cargo-home/bin/cargo" "+e6e4f7ed1589e03bc2f6c5931c1a72e7947e8682" "metadata" "--manifest-path" "Cargo.toml" "--no-deps", kill_on_drop: false }`
[INFO] started tweaking crates.io crate pooly 0.2.1
[INFO] finished tweaking crates.io crate pooly 0.2.1
[INFO] tweaked toml for crates.io crate pooly 0.2.1 written to /workspace/builds/worker-6-tc2/source/Cargo.toml
[INFO] crate crates.io crate pooly 0.2.1 already has a lockfile, it will not be regenerated
[INFO] running `Command { std: CARGO_HOME="/workspace/cargo-home" RUSTUP_HOME="/workspace/rustup-home" "/workspace/cargo-home/bin/cargo" "+e6e4f7ed1589e03bc2f6c5931c1a72e7947e8682" "fetch" "--manifest-path" "Cargo.toml", kill_on_drop: false }`
[INFO] running `Command { std: "docker" "create" "-v" "/var/lib/crater-agent-workspace/builds/worker-6-tc2/target:/opt/rustwide/target:rw,Z" "-v" "/var/lib/crater-agent-workspace/builds/worker-6-tc2/source:/opt/rustwide/workdir:ro,Z" "-v" "/var/lib/crater-agent-workspace/cargo-home:/opt/rustwide/cargo-home:ro,Z" "-v" "/var/lib/crater-agent-workspace/rustup-home:/opt/rustwide/rustup-home:ro,Z" "-e" "SOURCE_DIR=/opt/rustwide/workdir" "-e" "CARGO_TARGET_DIR=/opt/rustwide/target" "-e" "CARGO_HOME=/opt/rustwide/cargo-home" "-e" "RUSTUP_HOME=/opt/rustwide/rustup-home" "-w" "/opt/rustwide/workdir" "-m" "1610612736" "--user" "0:0" "--network" "none" "ghcr.io/rust-lang/crates-build-env/linux@sha256:5ff2268d62e97bff2cde7d5815dd6ed5b47097566f13b8d0ca110b04b60e07ed" "/opt/rustwide/cargo-home/bin/cargo" "+e6e4f7ed1589e03bc2f6c5931c1a72e7947e8682" "metadata" "--no-deps" "--format-version=1", kill_on_drop: false }`
[INFO] [stdout] 1fc8478c1e67b9d8070054171d9ac1ea0d1d00f511ad82aed3c2617ddb217cf7
[INFO] running `Command { std: "docker" "start" "-a" "1fc8478c1e67b9d8070054171d9ac1ea0d1d00f511ad82aed3c2617ddb217cf7", kill_on_drop: false }`
[INFO] running `Command { std: "docker" "inspect" "1fc8478c1e67b9d8070054171d9ac1ea0d1d00f511ad82aed3c2617ddb217cf7", kill_on_drop: false }`
[INFO] running `Command { std: "docker" "rm" "-f" "1fc8478c1e67b9d8070054171d9ac1ea0d1d00f511ad82aed3c2617ddb217cf7", kill_on_drop: false }`
[INFO] [stdout] 1fc8478c1e67b9d8070054171d9ac1ea0d1d00f511ad82aed3c2617ddb217cf7
[INFO] running `Command { std: "docker" "create" "-v" "/var/lib/crater-agent-workspace/builds/worker-6-tc2/target:/opt/rustwide/target:rw,Z" "-v" "/var/lib/crater-agent-workspace/builds/worker-6-tc2/source:/opt/rustwide/workdir:ro,Z" "-v" "/var/lib/crater-agent-workspace/cargo-home:/opt/rustwide/cargo-home:ro,Z" "-v" "/var/lib/crater-agent-workspace/rustup-home:/opt/rustwide/rustup-home:ro,Z" "-e" "SOURCE_DIR=/opt/rustwide/workdir" "-e" "CARGO_TARGET_DIR=/opt/rustwide/target" "-e" "CARGO_INCREMENTAL=0" "-e" "RUST_BACKTRACE=full" "-e" "RUSTFLAGS=--cap-lints=forbid" "-e" "RUSTDOCFLAGS=--cap-lints=forbid" "-e" "CARGO_HOME=/opt/rustwide/cargo-home" "-e" "RUSTUP_HOME=/opt/rustwide/rustup-home" "-w" "/opt/rustwide/workdir" "-m" "1610612736" "--user" "0:0" "--network" "none" "ghcr.io/rust-lang/crates-build-env/linux@sha256:5ff2268d62e97bff2cde7d5815dd6ed5b47097566f13b8d0ca110b04b60e07ed" "/opt/rustwide/cargo-home/bin/cargo" "+e6e4f7ed1589e03bc2f6c5931c1a72e7947e8682" "check" "--frozen" "--all" "--all-targets" "--message-format=json", kill_on_drop: false }`
[INFO] [stdout] a6bdfa4c5881f4b40995c70aed1fcef2cb177a634a29fcbdce0f5e75b740b6cc
[INFO] running `Command { std: "docker" "start" "-a" "a6bdfa4c5881f4b40995c70aed1fcef2cb177a634a29fcbdce0f5e75b740b6cc", kill_on_drop: false }`
[INFO] [stderr]    Compiling syn v1.0.98
[INFO] [stderr]     Checking bytes v1.1.0
[INFO] [stderr]    Compiling libc v0.2.126
[INFO] [stderr]    Compiling generic-array v0.14.5
[INFO] [stderr]    Compiling futures-core v0.3.21
[INFO] [stderr]     Checking subtle v2.4.1
[INFO] [stderr]    Compiling serde_derive v1.0.139
[INFO] [stderr]    Compiling serde v1.0.139
[INFO] [stderr]    Compiling tokio v1.20.0
[INFO] [stderr]     Checking futures-sink v0.3.21
[INFO] [stderr]     Checking mio v0.8.4
[INFO] [stderr]     Checking signal-hook-registry v1.4.0
[INFO] [stderr]     Checking socket2 v0.4.4
[INFO] [stderr]    Compiling futures-task v0.3.21
[INFO] [stderr]    Compiling futures-channel v0.3.21
[INFO] [stderr]    Compiling futures-util v0.3.21
[INFO] [stderr]    Compiling either v1.7.0
[INFO] [stderr]     Checking futures-io v0.3.21
[INFO] [stderr]     Checking slab v0.4.6
[INFO] [stderr]     Checking tinyvec v1.6.0
[INFO] [stderr]     Checking tracing-core v0.1.28
[INFO] [stderr]    Compiling anyhow v1.0.58
[INFO] [stderr]     Checking unicode-bidi v0.3.8
[INFO] [stderr]    Compiling itertools v0.10.3
[INFO] [stderr]    Compiling log v0.4.17
[INFO] [stderr]     Checking hashbrown v0.12.2
[INFO] [stderr]     Checking aho-corasick v0.7.18
[INFO] [stderr]    Compiling async-trait v0.1.56
[INFO] [stderr]     Checking num_cpus v1.13.1
[INFO] [stderr]    Compiling indexmap v1.9.1
[INFO] [stderr]    Compiling unicode-xid v0.2.3
[INFO] [stderr]     Checking matches v0.1.9
[INFO] [stderr]     Checking tracing v0.1.35
[INFO] [stderr]    Compiling pkg-config v0.3.25
[INFO] [stderr]    Compiling zstd-safe v5.0.2+zstd.1.5.2
[INFO] [stderr]    Compiling ucd-trie v0.1.4
[INFO] [stderr]     Checking alloc-no-stdlib v2.0.3
[INFO] [stderr]     Checking local-waker v0.1.3
[INFO] [stderr]     Checking alloc-stdlib v0.2.1
[INFO] [stderr]    Compiling jobserver v0.1.24
[INFO] [stderr]    Compiling which v4.2.5
[INFO] [stderr]    Compiling pest v2.1.3
[INFO] [stderr]     Checking http v0.2.8
[INFO] [stderr]    Compiling regex-syntax v0.6.27
[INFO] [stderr]    Compiling cc v1.0.73
[INFO] [stderr]    Compiling httparse v1.7.1
[INFO] [stderr]     Checking crypto-common v0.1.5
[INFO] [stderr]     Checking block-buffer v0.10.2
[INFO] [stderr]     Checking siphasher v0.3.10
[INFO] [stderr]     Checking fallible-iterator v0.2.0
[INFO] [stderr]     Checking digest v0.10.3
[INFO] [stderr]     Checking regex v1.6.0
[INFO] [stderr]    Compiling encoding_rs v0.8.31
[INFO] [stderr]    Compiling paste v1.0.7
[INFO] [stderr]     Checking phf_shared v0.10.0
[INFO] [stderr]     Checking unicode-normalization v0.1.21
[INFO] [stderr]     Checking hmac v0.12.1
[INFO] [stderr]     Checking sha2 v0.10.2
[INFO] [stderr]     Checking md-5 v0.10.1
[INFO] [stderr]     Checking miniz_oxide v0.5.3
[INFO] [stderr]    Compiling prost-build v0.8.0
[INFO] [stderr]     Checking brotli-decompressor v2.3.2
[INFO] [stderr]     Checking actix-utils v3.0.0
[INFO] [stderr]    Compiling bytestring v1.1.0
[INFO] [stderr]     Checking form_urlencoded v1.0.1
[INFO] [stderr]     Checking actix-service v2.0.2
[INFO] [stderr]    Compiling memoffset v0.6.5
[INFO] [stderr]    Compiling pest_meta v2.1.3
[INFO] [stderr]    Compiling cookie v0.16.0
[INFO] [stderr]    Compiling firestorm v0.5.1
[INFO] [stderr]    Compiling ring v0.16.20
[INFO] [stderr]    Compiling zstd-sys v2.0.1+zstd.1.5.2
[INFO] [stderr]    Compiling openssl-sys v0.9.75
[INFO] [stderr]     Checking stringprep v0.1.2
[INFO] [stderr]     Checking num_threads v0.1.6
[INFO] [stderr]    Compiling time-macros v0.2.4
[INFO] [stderr]    Compiling rustls v0.20.6
[INFO] [stderr]    Compiling parking_lot_core v0.8.5
[INFO] [stderr]     Checking postgres-protocol v0.6.4
[INFO] [stderr]    Compiling fastrand v1.7.0
[INFO] [stderr]    Compiling remove_dir_all v0.5.3
[INFO] [stderr]    Compiling crossbeam-utils v0.8.10
[INFO] [stderr]    Compiling unicode-segmentation v1.9.0
[INFO] [stderr]    Compiling petgraph v0.5.1
[INFO] [stderr]    Compiling tempfile v3.3.0
[INFO] [stderr]     Checking idna v0.2.3
[INFO] [stderr]     Checking flate2 v1.0.24
[INFO] [stderr]     Checking postgres-types v0.2.3
[INFO] [stderr]     Checking phf v0.10.1
[INFO] [stderr]    Compiling heck v0.3.3
[INFO] [stderr]     Checking sha1 v0.10.1
[INFO] [stderr]    Compiling crossbeam-epoch v0.9.9
[INFO] [stderr]     Checking dlv-list v0.3.0
[INFO] [stderr]    Compiling openssl v0.10.41
[INFO] [stderr]    Compiling multimap v0.8.3
[INFO] [stderr]     Checking language-tags v0.3.2
[INFO] [stderr]     Checking ordered-multimap v0.4.3
[INFO] [stderr]     Checking cipher v0.3.0
[INFO] [stderr]     Checking universal-hash v0.4.1
[INFO] [stderr]     Checking url v2.2.2
[INFO] [stderr]     Checking brotli v3.3.4
[INFO] [stderr]     Checking retain_mut v0.1.9
[INFO] [stderr]     Checking hashbrown v0.9.1
[INFO] [stderr]     Checking nom v7.1.1
[INFO] [stderr]     Checking poly1305 v0.7.2
[INFO] [stderr]     Checking rust-ini v0.18.0
[INFO] [stderr]     Checking parking_lot v0.11.2
[INFO] [stderr]     Checking aead v0.4.3
[INFO] [stderr]     Checking time v0.1.44
[INFO] [stderr]     Checking fs2 v0.4.3
[INFO] [stderr]     Checking pathdiff v0.2.1
[INFO] [stderr]     Checking time v0.3.11
[INFO] [stderr]     Checking predicates-core v1.0.3
[INFO] [stderr]     Checking dashmap v4.0.2
[INFO] [stderr]     Checking float-cmp v0.9.0
[INFO] [stderr]     Checking sled v0.34.7
[INFO] [stderr]     Checking uuid v1.1.2
[INFO] [stderr]     Checking wait-timeout v0.2.0
[INFO] [stderr]     Checking normalize-line-endings v0.3.0
[INFO] [stderr]     Checking base64 v0.20.0-alpha.1
[INFO] [stderr]     Checking difflib v0.4.0
[INFO] [stderr]     Checking bit-vec v0.6.3
[INFO] [stderr]     Checking termtree v0.2.4
[INFO] [stderr]     Checking rusty-fork v0.3.0
[INFO] [stderr]     Checking env_logger v0.7.1
[INFO] [stderr]     Checking predicates-tree v1.0.5
[INFO] [stderr]     Checking predicates v2.1.1
[INFO] [stderr]     Checking rand_xorshift v0.3.0
[INFO] [stderr]     Checking quick-error v2.0.1
[INFO] [stderr]     Checking bit-set v0.5.2
[INFO] [stderr]     Checking downcast v0.11.0
[INFO] [stderr]     Checking fragile v1.2.1
[INFO] [stderr]     Checking pretty_env_logger v0.4.0
[INFO] [stderr]     Checking proptest v1.0.0
[INFO] [stderr]    Compiling synstructure v0.12.6
[INFO] [stderr]    Compiling darling_core v0.13.4
[INFO] [stderr]    Compiling pest_generator v2.1.3
[INFO] [stderr]    Compiling actix-router v0.5.0
[INFO] [stderr]     Checking sct v0.7.0
[INFO] [stderr]     Checking webpki v0.22.0
[INFO] [stderr]    Compiling tokio-macros v1.8.0
[INFO] [stderr]    Compiling futures-macro v0.3.21
[INFO] [stderr]    Compiling prost-derive v0.8.0
[INFO] [stderr]    Compiling zeroize_derive v1.3.2
[INFO] [stderr]    Compiling darling_macro v0.13.4
[INFO] [stderr]    Compiling derive_more v0.99.17
[INFO] [stderr]    Compiling actix-web-codegen v4.0.1
[INFO] [stderr]     Checking zeroize v1.5.6
[INFO] [stderr]    Compiling prost-derive v0.10.1
[INFO] [stderr]    Compiling actix-macros v0.2.3
[INFO] [stderr]    Compiling pest_derive v2.1.0
[INFO] [stderr]    Compiling openssl-macros v0.1.0
[INFO] [stderr]    Compiling darling v0.13.4
[INFO] [stderr]    Compiling derive_arbitrary v0.4.7
[INFO] [stderr]    Compiling serde_with_macros v1.5.2
[INFO] [stderr]     Checking chacha20 v0.8.2
[INFO] [stderr]    Compiling prost v0.8.0
[INFO] [stderr]     Checking chacha20poly1305 v0.9.1
[INFO] [stderr]    Compiling mockall_derive v0.11.1
[INFO] [stderr]    Compiling prost-types v0.8.0
[INFO] [stderr]    Compiling derivative v2.2.0
[INFO] [stderr]     Checking arbitrary v0.4.7
[INFO] [stderr]     Checking tokio-util v0.7.3
[INFO] [stderr]     Checking futures-executor v0.3.21
[INFO] [stderr]     Checking actix-rt v2.7.0
[INFO] [stderr]     Checking futures v0.3.21
[INFO] [stderr]     Checking local-channel v0.1.3
[INFO] [stderr]     Checking deadpool-runtime v0.1.2
[INFO] [stderr]     Checking actix-server v2.1.1
[INFO] [stderr]     Checking tokio-rustls v0.23.4
[INFO] [stderr]     Checking deadpool v0.9.5
[INFO] [stderr]     Checking h2 v0.3.13
[INFO] [stderr]     Checking actix-codec v0.5.0
[INFO] [stderr]     Checking tokio-postgres v0.7.6
[INFO] [stderr]     Checking prost v0.10.4
[INFO] [stderr]     Checking sharks v0.5.0
[INFO] [stderr]    Compiling pooly v0.2.1 (/opt/rustwide/workdir)
[INFO] [stderr]     Checking tokio-postgres-rustls v0.9.0
[INFO] [stderr]     Checking deadpool-postgres v0.10.2
[INFO] [stderr]     Checking mockall v0.11.1
[INFO] [stderr]     Checking serde_json v1.0.82
[INFO] [stderr]     Checking serde_urlencoded v0.7.1
[INFO] [stderr]     Checking toml v0.5.9
[INFO] [stderr]     Checking ron v0.7.1
[INFO] [stderr]     Checking json5 v0.4.1
[INFO] [stderr]     Checking serde_with v1.14.0
[INFO] [stderr]     Checking bincode v1.3.3
[INFO] [stderr]     Checking chrono v0.4.19
[INFO] [stderr]     Checking jwt v0.16.0
[INFO] [stderr]     Checking config v0.13.1
[INFO] [stderr]     Checking bollard-stubs v1.41.0
[INFO] [stderr]     Checking zstd v0.11.2+zstd.1.5.2
[INFO] [stderr]     Checking actix-http v3.2.1
[INFO] [stderr]     Checking actix-web v4.1.0
[INFO] [stderr]     Checking actix-protobuf v0.8.0
[INFO] [stderr]     Checking testcontainers v0.14.0
[INFO] [stdout] warning: field `keyspace` is never read
[INFO] [stdout]   --> src/data/dao.rs:34:5
[INFO] [stdout]    |
[INFO] [stdout] 32 | pub struct SimpleDao {
[INFO] [stdout]    |            --------- field in this struct
[INFO] [stdout] 33 |
[INFO] [stdout] 34 |     keyspace: String,
[INFO] [stdout]    |     ^^^^^^^^
[INFO] [stdout]    |
[INFO] [stdout]    = note: `#[warn(dead_code)]` on by default
[INFO] [stdout] 
[INFO] [stdout] 
[INFO] [stdout] warning: field `admin_id` is never read
[INFO] [stdout]   --> src/models/auth/roles.rs:63:5
[INFO] [stdout]    |
[INFO] [stdout] 61 | pub struct AdminToken {
[INFO] [stdout]    |            ---------- field in this struct
[INFO] [stdout] 62 |
[INFO] [stdout] 63 |     admin_id: String
[INFO] [stdout]    |     ^^^^^^^^
[INFO] [stdout]    |
[INFO] [stdout]    = note: `AdminToken` has derived impls for the traits `Clone` and `Debug`, but these are intentionally ignored during dead code analysis
[INFO] [stdout] 
[INFO] [stdout] 
[INFO] [stdout] warning: 2 warnings emitted
[INFO] [stdout] 
[INFO] [stdout] 
[INFO] [stdout] warning: unused import: `crate::models::versioning::versioned::Versioned`
[INFO] [stdout]    --> src/models/auth/access.rs:124:9
[INFO] [stdout]     |
[INFO] [stdout] 124 |     use crate::models::versioning::versioned::Versioned;
[INFO] [stdout]     |         ^^^^^^^^^^^^^^^^^^^^^^^^^^^^^^^^^^^^^^^^^^^^^^^
[INFO] [stdout]     |
[INFO] [stdout]     = note: `#[warn(unused_imports)]` on by default
[INFO] [stdout] 
[INFO] [stdout] 
[INFO] [stdout] error[E0063]: missing field `rate_limit` in initializer of `ConnectionConfig`
[INFO] [stdout]   --> tests/common.rs:55:5
[INFO] [stdout]    |
[INFO] [stdout] 55 |     ConnectionConfig {
[INFO] [stdout]    |     ^^^^^^^^^^^^^^^^ missing `rate_limit`
[INFO] [stdout] 
[INFO] [stdout] 
[INFO] [stdout] error: aborting due to previous error
[INFO] [stdout] 
[INFO] [stdout] 
[INFO] [stdout] For more information about this error, try `rustc --explain E0063`.
[INFO] [stdout] 
[INFO] [stderr] error: could not compile `pooly` (test "common") due to 2 previous errors
[INFO] [stderr] warning: build failed, waiting for other jobs to finish...
[INFO] [stdout] error[E0432]: unresolved import `testcontainers::Docker`
[INFO] [stdout]  --> tests/simple_queries.rs:9:35
[INFO] [stdout]   |
[INFO] [stdout] 9 |     use testcontainers::{clients, Docker};
[INFO] [stdout]   |                                   ^^^^^^ no `Docker` in the root
[INFO] [stdout] 
[INFO] [stdout] 
[INFO] [stdout] error[E0432]: unresolved import `testcontainers::Docker`
[INFO] [stdout]   --> tests/write_read_queries.rs:13:35
[INFO] [stdout]    |
[INFO] [stdout] 13 |     use testcontainers::{clients, Docker};
[INFO] [stdout]    |                                   ^^^^^^ no `Docker` in the root
[INFO] [stdout] 
[INFO] [stdout] 
[INFO] [stdout] warning: unused import: `HashSet`
[INFO] [stdout]  --> tests/simple_queries.rs:6:37
[INFO] [stdout]   |
[INFO] [stdout] 6 |     use std::collections::{HashMap, HashSet};
[INFO] [stdout]   |                                     ^^^^^^^
[INFO] [stdout]   |
[INFO] [stdout]   = note: `#[warn(unused_imports)]` on by default
[INFO] [stdout] 
[INFO] [stdout] 
[INFO] [stdout] warning: unused import: `std::ops::Deref`
[INFO] [stdout]  --> tests/simple_queries.rs:7:9
[INFO] [stdout]   |
[INFO] [stdout] 7 |     use std::ops::Deref;
[INFO] [stdout]   |         ^^^^^^^^^^^^^^^
[INFO] [stdout] 
[INFO] [stdout] 
[INFO] [stdout] warning: unused imports: `AppContext`, `test_context`
[INFO] [stdout]   --> tests/simple_queries.rs:13:17
[INFO] [stdout]    |
[INFO] [stdout] 13 |     use pooly::{AppContext, test_context};
[INFO] [stdout]    |                 ^^^^^^^^^^  ^^^^^^^^^^^^
[INFO] [stdout] 
[INFO] [stdout] 
[INFO] [stdout] warning: unused import: `pooly::models::auth::access::LiteralConnectionIdAccessEntry`
[INFO] [stdout]   --> tests/simple_queries.rs:14:9
[INFO] [stdout]    |
[INFO] [stdout] 14 |     use pooly::models::auth::access::LiteralConnectionIdAccessEntry;
[INFO] [stdout]    |         ^^^^^^^^^^^^^^^^^^^^^^^^^^^^^^^^^^^^^^^^^^^^^^^^^^^^^^^^^^^
[INFO] [stdout] 
[INFO] [stdout] 
[INFO] [stdout] warning: unused import: `pooly::models::query::connections::ConnectionConfig`
[INFO] [stdout]   --> tests/simple_queries.rs:18:9
[INFO] [stdout]    |
[INFO] [stdout] 18 |     use pooly::models::query::connections::ConnectionConfig;
[INFO] [stdout]    |         ^^^^^^^^^^^^^^^^^^^^^^^^^^^^^^^^^^^^^^^^^^^^^^^^^^^
[INFO] [stdout] 
[INFO] [stdout] 
[INFO] [stdout] warning: unused import: `postgres_types::Kind`
[INFO] [stdout]  --> tests/write_read_queries.rs:8:9
[INFO] [stdout]   |
[INFO] [stdout] 8 |     use postgres_types::Kind;
[INFO] [stdout]   |         ^^^^^^^^^^^^^^^^^^^^
[INFO] [stdout]   |
[INFO] [stdout]   = note: `#[warn(unused_imports)]` on by default
[INFO] [stdout] 
[INFO] [stdout] 
[INFO] [stdout] warning: unused import: `pooly::AppContext`
[INFO] [stdout]   --> tests/write_read_queries.rs:19:9
[INFO] [stdout]    |
[INFO] [stdout] 19 |     use pooly::AppContext;
[INFO] [stdout]    |         ^^^^^^^^^^^^^^^^^
[INFO] [stdout] 
[INFO] [stdout] 
[INFO] [stdout] warning: unused import: `QueryResponse`
[INFO] [stdout]   --> tests/write_read_queries.rs:20:49
[INFO] [stdout]    |
[INFO] [stdout] 20 |     use pooly::models::payloads::{QueryRequest, QueryResponse, QuerySuccessResponse, tx_bulk_query_response, TxBulkQueryParams, TxBulkQue...
[INFO] [stdout]    |                                                 ^^^^^^^^^^^^^
[INFO] [stdout] 
[INFO] [stdout] 
[INFO] [stdout] error[E0063]: missing field `rate_limit` in initializer of `ConnectionConfig`
[INFO] [stdout]   --> tests/common.rs:55:5
[INFO] [stdout]    |
[INFO] [stdout] 55 |     ConnectionConfig {
[INFO] [stdout]    |     ^^^^^^^^^^^^^^^^ missing `rate_limit`
[INFO] [stdout] 
[INFO] [stdout] 
[INFO] [stdout] error[E0063]: missing field `rate_limit` in initializer of `ConnectionConfig`
[INFO] [stdout]   --> tests/common.rs:55:5
[INFO] [stdout]    |
[INFO] [stdout] 55 |     ConnectionConfig {
[INFO] [stdout]    |     ^^^^^^^^^^^^^^^^ missing `rate_limit`
[INFO] [stdout] 
[INFO] [stdout] 
[INFO] [stdout] error[E0599]: no method named `with_env_vars` found for struct `Postgres` in the current scope
[INFO] [stdout]   --> tests/simple_queries.rs:35:42
[INFO] [stdout]    |
[INFO] [stdout] 35 |                 .run(Postgres::default().with_env_vars(common::build_env_vars()));
[INFO] [stdout]    |                                          ^^^^^^^^^^^^^ method not found in `Postgres`
[INFO] [stdout] 
[INFO] [stdout] 
[INFO] [stdout] warning: use of deprecated method `testcontainers::Container::<'d, I>::get_host_port`: Use `get_host_port_ipv4()` or `get_host_port_ipv6()` instead.
[INFO] [stdout]   --> tests/simple_queries.rs:37:33
[INFO] [stdout]    |
[INFO] [stdout] 37 |         let pg_host = container.get_host_port(common::INTERNAL_PG_PORT).unwrap();
[INFO] [stdout]    |                                 ^^^^^^^^^^^^^
[INFO] [stdout]    |
[INFO] [stdout]    = note: `#[warn(deprecated)]` on by default
[INFO] [stdout] 
[INFO] [stdout] 
[INFO] [stdout] error[E0599]: no method named `unwrap` found for type `u16` in the current scope
[INFO] [stdout]   --> tests/simple_queries.rs:37:73
[INFO] [stdout]    |
[INFO] [stdout] 37 |         let pg_host = container.get_host_port(common::INTERNAL_PG_PORT).unwrap();
[INFO] [stdout]    |                                                                         ^^^^^^ method not found in `u16`
[INFO] [stdout] 
[INFO] [stdout] 
[INFO] [stdout] error[E0599]: no method named `with_env_vars` found for struct `Postgres` in the current scope
[INFO] [stdout]   --> tests/write_read_queries.rs:44:42
[INFO] [stdout]    |
[INFO] [stdout] 44 |                 .run(Postgres::default().with_env_vars(common::build_env_vars()));
[INFO] [stdout]    |                                          ^^^^^^^^^^^^^ method not found in `Postgres`
[INFO] [stdout] 
[INFO] [stdout] 
[INFO] [stdout] warning: use of deprecated method `testcontainers::Container::<'d, I>::get_host_port`: Use `get_host_port_ipv4()` or `get_host_port_ipv6()` instead.
[INFO] [stdout]   --> tests/write_read_queries.rs:46:33
[INFO] [stdout]    |
[INFO] [stdout] 46 |         let pg_host = container.get_host_port(common::INTERNAL_PG_PORT).unwrap();
[INFO] [stdout]    |                                 ^^^^^^^^^^^^^
[INFO] [stdout]    |
[INFO] [stdout]    = note: `#[warn(deprecated)]` on by default
[INFO] [stdout] 
[INFO] [stdout] 
[INFO] [stdout] error: aborting due to 4 previous errors; 6 warnings emitted
[INFO] [stdout] 
[INFO] [stdout] 
[INFO] [stdout] Some errors have detailed explanations: E0063, E0432, E0599.
[INFO] [stdout] 
[INFO] [stdout] For more information about an error, try `rustc --explain E0063`.
[INFO] [stdout] 
[INFO] [stdout] error[E0599]: no method named `unwrap` found for type `u16` in the current scope
[INFO] [stdout]   --> tests/write_read_queries.rs:46:73
[INFO] [stdout]    |
[INFO] [stdout] 46 |         let pg_host = container.get_host_port(common::INTERNAL_PG_PORT).unwrap();
[INFO] [stdout]    |                                                                         ^^^^^^ method not found in `u16`
[INFO] [stdout] 
[INFO] [stdout] 
[INFO] [stderr] error: could not compile `pooly` (test "simple_queries") due to 5 previous errors; 6 warnings emitted
[INFO] [stdout] error: aborting due to 4 previous errors; 4 warnings emitted
[INFO] [stdout] 
[INFO] [stdout] 
[INFO] [stdout] Some errors have detailed explanations: E0063, E0432, E0599.
[INFO] [stdout] 
[INFO] [stdout] For more information about an error, try `rustc --explain E0063`.
[INFO] [stdout] 
[INFO] [stderr] error: could not compile `pooly` (test "write_read_queries") due to 5 previous errors; 4 warnings emitted
[INFO] [stdout] warning: field `keyspace` is never read
[INFO] [stdout]   --> src/data/dao.rs:34:5
[INFO] [stdout]    |
[INFO] [stdout] 32 | pub struct SimpleDao {
[INFO] [stdout]    |            --------- field in this struct
[INFO] [stdout] 33 |
[INFO] [stdout] 34 |     keyspace: String,
[INFO] [stdout]    |     ^^^^^^^^
[INFO] [stdout]    |
[INFO] [stdout]    = note: `#[warn(dead_code)]` on by default
[INFO] [stdout] 
[INFO] [stdout] 
[INFO] [stdout] warning: field `admin_id` is never read
[INFO] [stdout]   --> src/models/auth/roles.rs:63:5
[INFO] [stdout]    |
[INFO] [stdout] 61 | pub struct AdminToken {
[INFO] [stdout]    |            ---------- field in this struct
[INFO] [stdout] 62 |
[INFO] [stdout] 63 |     admin_id: String
[INFO] [stdout]    |     ^^^^^^^^
[INFO] [stdout]    |
[INFO] [stdout]    = note: `AdminToken` has derived impls for the traits `Clone` and `Debug`, but these are intentionally ignored during dead code analysis
[INFO] [stdout] 
[INFO] [stdout] 
[INFO] [stdout] warning: 3 warnings emitted
[INFO] [stdout] 
[INFO] [stdout] 
[INFO] running `Command { std: "docker" "inspect" "a6bdfa4c5881f4b40995c70aed1fcef2cb177a634a29fcbdce0f5e75b740b6cc", kill_on_drop: false }`
[INFO] running `Command { std: "docker" "rm" "-f" "a6bdfa4c5881f4b40995c70aed1fcef2cb177a634a29fcbdce0f5e75b740b6cc", kill_on_drop: false }`
[INFO] [stdout] a6bdfa4c5881f4b40995c70aed1fcef2cb177a634a29fcbdce0f5e75b740b6cc
